3 + (-1 - -2)). Let s = r + 2. What is q(s)?
-5
Let u be ((-28)/2)/2 - -5. Let g(d) = -d**2 + d + 1. Give g(u).
-5
Let m(d) = 3 - 3*d - 4*d + 5*d. Give m(3).
-3
Suppose 0 = 3*u - 5*f + 7 + 6, -5*f + 17 = -2*u. Let g(a) = -a. Determine g(u).
-4
Let s be (-6)/(-4)*(-24)/(-4). Suppose -y - 6 = -2*r - 3, y = -4*r - s. Let v(g) = -2*g**2 + 2*g + 1. Calculate v(r).
-3
Let n(u) = 3*u + 6 - 10*u - 7 + u**2. Give n(7).
-1
Let v(l) be the second derivative of 7*l**3/6 - l**2/2 + l. Let q be v(1). Let n(k) = -11*k**2 - 2*k + k**3 + 4*k**2 + 8*k + 0 + 5. Give n(q).
5
Let u(z) = -z**3 - 4*z**2 + 6*z + 2. Suppose 5*l + 49 + 1 = 0. Let v = l + 5. What is u(v)?
-3
Let x(k) be the second derivative of -1/4*k**4 + 3*k - 3/2*k**2 - 2/3*k**3 + 0 - 1/20*k**5. What is x(-2)?
1
Let i(z) = -z - 2. Suppose -4*y = -7*y. Determine i(y).
-2
Let z(l) = -l + 11. Let w be (-38)/5 + (-2)/5. Let g = w + 15. Calculate z(g).
4
Let y(i) be the third derivative of i**4/24 - i**3/2 - i**2. Let f be y(6). Let x = -1 - f. Let d(j) = -j**2 - 4*j - 1. Calculate d(x).
-1
Let a(m) = -m + 0*m - m**2 + 18 - 18. Give a(0).
0
Let i be (0/(-2))/(2 - 1). Suppose i = 2*z - 7*z + 20. Let j(r) = z*r - 4*r + 2*r. What is j(2)?
4
Let j(g) be the third derivative of g**6/60 - g**5/60 + g**4/24 - g**3/6 + 27*g**2. Calculate j(2).
13
Let p(b) = 3*b - b - 7*b - 8 + 6*b. What is p(0)?
-8
Let r be 21/6 - 6/(-4). Let c(o) = -o**3 + o**2 - o + 1. Let g(u) = u**3 + 3*u**2 + u - 2. Let j(i) = 2*c(i) + g(i). Calculate j(r).
-5
Let k(p) = -p - 13. Suppose -w + 5 - 2 = 0, -23 = t - 5*w. Calculate k(t).
-5
Let b(g) be the first derivative of -g**2/2 - 11*g + 44. What is b(-7)?
-4
Let h(k) = -7*k**2 + 7*k - 6. Let b(f) = 6*f**2 - 6*f + 5. Let r(m) = -6*b(m) - 5*h(m). What is r(1)?
0
Let v(x) be the first derivative of x**5/60 + x**4/24 + x**3/6 + x**2 - 1. Let z(b) be the second derivative of v(b). Give z(-4).
13
Suppose 0 = -k - c - 9, 2*c = 4*k - 3*c + 45. Let j be (-12)/k - (-1)/(-5). Let m(y) = 0*y**3 - y**3 + 1 + 0. Calculate m(j).
0
Let z = 11 + -10. Let q(g) = -g - 1. Let v(i) = i**2 - 2*i - 5. Let j(f) = z*v(f) - 6*q(f). Let y(k) = -2*k + 7. Let w be y(5). What is j(w)?
-2
Let y(k) = 7*k**3 + 2*k**2 - 3 + k - 6*k**3 - 3*k**2 + k. What is y(2)?
5
Let v(h) be the first derivative of h**4/12 - h**3 - h**2 + h - 2. Let k(y) be the first derivative of v(y). Give k(3).
-11
Let a(j) = j**3 + j**2 - j. Suppose -h + 3*h + 26 = 0. Let v = h - -13. Determine a(v).
0
Suppose -10 = a - 4. Let t(j) = -j + 3. Calculate t(a).
9
Suppose 0*p = 5*p + 85. Let i(u) = -5*u**2 - 2*u + 7. Let x(g) = 14*g**2 + 5*g - 20. Let n(d) = p*i(d) - 6*x(d). Calculate n(-3).
-2
Let v(m) = m + 2. Let u(o) = o + 0*o + 0*o. Let q(t) = -6*u(t) + 3*v(t). Determine q(4).
-6
Let x(p) = p**3 - 2*p - 3. Let a be -2 - 15/(-5 - -2). Suppose -2*o - t + 0*t + 1 = 0, -a*o - 5*t = 16. Suppose r = -o*r - 8. Calculate x(r).
-7
Suppose 82 = 28*s - 2. Let l(k) = -k**2 - 2*k + 3*k**2 - 2*k. Determine l(s).
6
Let o be 4/(2/6 - (-4)/(-3)). Let c(a) = a**3 + 5*a**2 + 5*a + 3. Determine c(o).
-1
Let o(m) be the third derivative of m**3 + 2*m**2 + 0 + 0*m + 1/24*m**4. Calculate o(0).
6
Let v(p) = -p + p - 6*p - p**2 + 0*p + 6. Give v(-6).
6
Let l(w) = -w + 4. Suppose 17 = 4*p + 1. Let q be l(p). Let b(z) = -z - 4. Determine b(q).
-4
Let k(g) be the third derivative of g**3 + 1/12*g**4 - 6*g**2 + 1/120*g**6 - 1/10*g**5 + 0*g + 0. What is k(5)?
-9
Let v(d) = 2*d + 1. Let a(x) = -x - 1. Let z(i) = 8*a(i) + 5*v(i). Let c be (3 - -3) + (-3 - 4/4). Determine z(c).
1
Let t(n) = n**2 - n. Suppose 2*z + z - 6 = 0. Calculate t(z).
2
Let s(l) = -1 - 3 - 1 + 1 - 3*l. Let r be 1/(5/3 - 2). Give s(r).
5
Let o(b) = -b**2 - 2*b - 10. Let h(a) = a - 1. Let z(k) = -5*h(k) + o(k). What is z(-4)?
7
Let j(k) = -k - 7. Suppose 0*y = -5*y - 15, 5*z + 2*y + 31 = 0. Determine j(z).
-2
Let x be 2/10*-2*-15. Let m(v) = -v**3 + 6*v**2 + 3. Give m(x).
3
Let v(s) = s**3 + 5*s**2 - 9*s - 8. Suppose 30 = -0*t - 5*t. Calculate v(t).
10
Let k be (-2)/(1*6/(-15)). Let i(d) = -d**3 + 4*d**2 + 7*d + 2. Determine i(k).
12
Suppose -2*a - 3 = 9. Let v(p) = 3*p - 3. Let r be v(2). Let k(h) = -3*h**2 + 1 + 1 - h**3 - r*h**2 - 6. Give k(a).
-4
Let h(r) = 11 - r - 2 + 0*r. Let l be h(4). Let q(p) = -p**2 + 3*p + 4. Determine q(l).
-6
Let m(c) = 3*c + 7. Let k(y) = -2*y - 3. Let b(z) = 5*k(z) + 2*m(z). What is b(-2)?
7
Let l(c) = -12*c**2 + 10*c**2 + 7*c + 3*c**2 - 1. Determine l(-7).
-1
Let y = 1 - -1. Let j be -8 - ((-3)/(-1) - y). Let g be (3/j)/((-3)/27). Let n(c) = c**2 - 5*c + 2. Determine n(g).
-4
Let i(h) = 6*h**3 + h**2 - h - 1. Let f be i(-1). Let b(v) = -25*v**2 + 11*v**2 - v**3 + 8*v**2 - 5*v + 6. Determine b(f).
6
Suppose -2*d - 2 = -4. Let i(x) = -3*x. Give i(d).
-3
Let l be -2 + 2 + (-10)/(-2). Let x be l/(-2) + (-2)/(-4). Let m(g) = g - 2. Calculate m(x).
-4
Let o = 8 - 4. Let v(z) = z**2 - 3*z - 4. Calculate v(o).
0
Suppose -4*o = 8*i - 5*i + 13, -4*o - 4 = 0. Let x(k) = -k**2 + 1. Let q(z) = 3*z**2 + 3*z - 3. Let r(v) = -q(v) - 2*x(v). Determine r(i).
1
Let t(x) = -x**3 - x**2 - x + 1. Let h be t(0). Let z(y) = -18*y**3 - 2*y**2 + 1. Determine z(h).
-19
Let r = 9 + -7. Let x(t) = 2*t**2 - t**r - 3*t**3 + 1 + 2*t - 3*t**3 + 2*t**3. Determine x(-1).
4
Let j(t) be the second derivative of -t**4/4 - t**3/2 - t**2/2 + 28*t. Give j(-2).
-7
Let z(w) = 2*w**3 - 7*w**2 - 2*w - 2. Let t(d) = 3*d**3 - 13*d**2 - 3*d - 5. Let n(v) = 3*t(v) - 5*z(v). Calculate n(-4).
-9
Let o(k) = -2*k - 2. Let f(x) = -x + 1. Let a(z) = f(z) - o(z). Suppose -2*n - 2*n + 40 = 0. Let h = 6 - n. What is a(h)?
-1
Let u(x) = -x**3 + x**2 + x - 1. Let g(r) = -5*r**3 + 11*r**2 + 3*r + 6. Let o(j) = g(j) - 4*u(j). Determine o(7).
3
Let a = 30 + -28. Let c(f) be the third derivative of 0*f - 3*f**a - 1/60*f**5 - 1/2*f**3 + 0 + 5/24*f**4. What is c(3)?
3
Let r(h) = -h**3 + 4*h**3 + h**2 - 1 - 2*h**3. Let i = -10 + 10. Calculate r(i).
-1
Let u(t) be the first derivative of t**3/3 + 3*t**2/2 - 5*t + 1. Calculate u(-4).
-1
Suppose -5*m + 8 = -3*m. Suppose -p - 32 = -4*n - 4*p, 16 = m*p. Let l(y) = -y**3 + 5*y**2 - y + 6. Determine l(n).
1
Let r(p) = -61 - p + 39 + 29. Suppose 2 = -b + 11. Suppose z = 3*x - b, -z - 5 = -2*x - 1. Calculate r(z).
1
Let h(r) be the first derivative of 1 - 1/3*r**3 - r + r**2 - r**4. Suppose -2 = -f - 1. Give h(f).
-4
Let h be (-2)/(-2)*(-1 - -1). Let i(q) be the second derivative of h*q**3 - q**2 + 0 + q - 1/12*q**4. Give i(2).
-6
Let p(i) = 2*i**2 + 2*i + 3. Let b(z) = -z**2 - z - 2. Let t(a) = -3*b(a) - 2*p(a). Determine t(0).
0
Let v(m) be the second derivative of -3*m**3/2 + 2*m**2 + 7*m. Let z(r) = 8*r - 3. Let k(g) = -5*v(g) - 6*z(g). Give k(2).
-8
Let w(u) be the third derivative of u**5/60 - u**4/8 - 32*u**2. Calculate w(3).
0
Let c be 1 + 0 + 6 + -1. Let p(u) = u. Let z(v) = -v + 1. Let d(a) = -9*a. Let l(b) = -d(b) + 4*z(b). Let n(k) = c*p(k) - l(k). What is n(0)?
-4
Let u(l) = -l**2 - 1. Let w(g) = g**3 + 9*g**2 - 8*g + 4. Let n(x) = -4*u(x) - w(x). Calculate n(-6).
-12
Let v = 4 - 6. Let n be (3 + v)*-1*-3. Let w(t) be the third derivative of -t**5/60 + t**4/24 + 2*t**3/3 - t**2. Determine w(n).
-2
Let b(r) = r**3 - 6*r**2 + 6*r - 6. Let z(l) = -6*l - 1. Let m be z(-1). What is b(m)?
-1
Let o be ((-2)/(-3))/(1/3). Suppose 0 = -y + 2*w - 5, -2*y + 3*w = w + 4. Suppose y = -o*r + 9. Let p(l) = l**3 - 4*l**2 + l - 2. What is p(r)?
2
Let h(v) = v**3 + 3*v**2 + 3*v + 2. Let y be 3/4 + 132/(-48). Calculate h(y).
0
Suppose 15 = 5*q - 5*c, 0*c = -3*q - c - 7. Let u(i) = -2*i**2 - 2*i - 1. What is u(q)?
-1
Let d = -21 + 15. Let b(s) = -s - 3. Determine b(d).
3
Let c(l) = -11*l + 7*l + l**2 - 3 - l. Calculate c(4).
-7
Let p(g) be the third derivative of -g**5/12 + g**4/24 + 20*g**2. Let h(a) = -a**3 - 3*a**2 - 4*a - 3. Let q be h(-2). Calculate p(q).
-4
Suppose -14 = 3*t + f, 3*t - 4 = t - 4*f. Let n(p) = -5*p**3 - 41*p**2 + 16*p + 9. Let j(r) = r**3 + 8*r**2 - 3*r - 2. Let g(k) = 11*j(k) + 2*n(k). Give g(t).
2
Let d(v) = v**2 - v - 2. Let y be 1/(-4) + 35/28. Let s be 12/(y + -5) + 3. Calculate d(s).
-2
Let v(n) = n**2 - 5. Let c be 3/2*(-10)/(-15). Let q be (c - 3) + (0 - -2). Let i = q - 0. Give v(i).
-5
Suppose -4*k + 12 + 20 = 0. Let s = k + -6. Let q(r) = r**3 + 2*r**3 - 2*r**3 - 2. What is 